{"id":26,"date":"2020-01-10T15:46:57","date_gmt":"2020-01-10T15:46:57","guid":{"rendered":"http:\/\/grade.org.pe\/proactt\/?page_id=26"},"modified":"2020-01-10T23:16:09","modified_gmt":"2020-01-10T23:16:09","slug":"seminario-1","status":"publish","type":"page","link":"http:\/\/grade.org.pe\/proactt\/seminario-1\/","title":{"rendered":"Seminario 1"},"content":{"rendered":"\n<h3 class=\"has-text-align-center wp-block-heading\"> <strong>Seminario \u201cPol\u00edtica Tributaria y demanda de Tabaco en el Per\u00fa\u201d <\/strong><br><strong>(24\/04\/2019, Auditorio GRADE, Lima, Per\u00fa)<\/strong> <\/h3>\n\n\n\n<p> El 24 de abril del 2019 se realiz\u00f3 el seminario \u00abPol\u00edtica tributaria y demanda de Tabaco en el Per\u00fa\u00bb organizado por el Grupo de An\u00e1lisis para el Desarrollo (<a href=\"http:\/\/www.grade.org.pe\">GRADE<\/a>),&nbsp; el Instituto de Estudios Peruanos (<a href=\"https:\/\/iep.org.pe\/\">IEP<\/a>) y la Comisi\u00f3n&nbsp; Nacional Permanente de Lucha Antitab\u00e1quica (<a href=\"https:\/\/colat.pe\/\">COLAT<\/a>). El prop\u00f3sito del seminario fue presentar dos estudios econ\u00f3micos que exploran el v\u00ednculo determinante de la demanda del tabaco y la pol\u00edtica tributaria, siendo estos: <\/p>\n\n\n\n<ul class=\"wp-block-list\"><li>\u201cSensibilidad de la demanda e impuestos al tabaco: an\u00e1lisis de corte transversal\u201d, a cargo de Mart\u00edn Valdivia, Investigador Principal de GRADE<\/li><li>\u201cDemanda de Tabaco y pol\u00edtica tributaria: una mirada desde las series de tiempo a 1993-2017\u201d, a cargo de Carlos de Los R\u00edos, Investigador Principal del IEP.<\/li><\/ul>\n\n\n\n<p> Adicionalmente, se cont\u00f3, por un lado, con la participaci\u00f3n de la Organizaci\u00f3n Panamericana de la Salud, qui\u00e9n brind\u00f3 un panorama regional sobre la importancia de aumentar significativamente los impuestos y precios del tabaco, para tener una intervenci\u00f3n m\u00e1s eficaz y rentable para reducir el consumo de tabaco. Por el otro lado, se cont\u00f3 con la participaci\u00f3n del Ministerio de Econom\u00eda y Finanzas, qui\u00e9n recalc\u00f3 la importancia de continuar monitoreando la introducci\u00f3n de nuevos productos de tabaco y nicotina, as\u00ed como la necesidad de contar con m\u00e1s informaci\u00f3n y evidencia para dise\u00f1ar e implementar mejores pol\u00edticas p\u00fablicas de salud y tributarias. <\/p>\n\n\n\n<p> Puede revisar aqu\u00ed las presentaciones empleadas durante el seminario aqu\u00ed: <\/p>\n\n\n\n<ul class=\"wp-block-list\"><li><a href=\"http:\/\/grade.org.pe\/proactt\/wp-content\/uploads\/2020\/01\/seminario1-grade.pdf\" target=\"_blank\" rel=\"noreferrer noopener\" aria-label=\"Estudio de GRADE: Sensibilidad de la demanda e impuestos al tabaco: an\u00e1lisis de corte transversal (opens in a new tab)\">Estudio de GRADE: Sensibilidad de la demanda e impuestos al tabaco: an\u00e1lisis de corte transversal<\/a><\/li><li><a href=\"http:\/\/grade.org.pe\/proactt\/wp-content\/uploads\/2020\/01\/seminario1-iep.pdf\" target=\"_blank\" rel=\"noreferrer noopener\" aria-label=\"Estudio del IEP:\u00a0 Demanda de Tabaco y pol\u00edtica tributaria: una mirada desde las series de tiempo a 1993-2017\u2028 (opens in a new tab)\">Estudio del IEP:\u00a0 Demanda de Tabaco y pol\u00edtica tributaria: una mirada desde las series de tiempo a 1993-2017<\/a><\/li><li><a href=\"http:\/\/grade.org.pe\/proactt\/wp-content\/uploads\/2020\/01\/seminario1-ops.pdf\" target=\"_blank\" rel=\"noreferrer noopener\" aria-label=\"Reflexiones de la OPS\u2028 (opens in a new tab)\">Reflexiones de la OPS<\/a><\/li><li><a href=\"http:\/\/grade.org.pe\/proactt\/wp-content\/uploads\/2020\/01\/seminario1-mef.pdf\" target=\"_blank\" rel=\"noreferrer noopener\" aria-label=\"Reflexiones del MEF (opens in a new tab)\">Reflexiones del MEF<\/a><\/li><\/ul>\n\n\n\n<p> Puede revisar el programa del evento aqu\u00ed: <\/p>\n\n\n\n<ul class=\"wp-block-list\"><li><a href=\"http:\/\/grade.org.pe\/proactt\/wp-content\/uploads\/2020\/01\/seminario1-programa.doc\" target=\"_blank\" rel=\"noreferrer noopener\" aria-label=\"Programa  (opens in a new tab)\">Programa <\/a><\/li><\/ul>\n\n\n\n<p> Puede visualizar parte del seminario aqu\u00ed: <\/p>\n\n\n\n<figure class=\"wp-block-embed-youtube wp-block-embed is-type-video is-provider-youtube wp-embed-aspect-16-9 wp-has-aspect-ratio\"><div class=\"wp-block-embed__wrapper\">\n<iframe loading=\"lazy\" title=\"Pol\u00edtica tributaria y demanda de tabaco en el Per\u00fa\" width=\"1200\" height=\"675\" src=\"https:\/\/www.youtube.com\/embed\/ls1-y48GJKo?feature=oembed\" frameborder=\"0\" allow=\"accelerometer; autoplay; encrypted-media; gyroscope; picture-in-picture\" allowfullscreen><\/iframe>\n<\/div><\/figure>\n","protected":false},"excerpt":{"rendered":"<p>Seminario \u201cPol\u00edtica Tributaria y demanda de Tabaco en el Per\u00fa\u201d (24\/04\/2019, Auditorio GRADE, Lima, Per\u00fa) El 24 de abril del 2019 se realiz\u00f3 el seminario \u00abPol\u00edtica tributaria y demanda de Tabaco en el Per\u00fa\u00bb organizado por el Grupo de An\u00e1lisis para el Desarrollo (GRADE),&nbsp; el Instituto de Estudios Peruanos (IEP) y la Comisi\u00f3n&nbsp; Nacional Permanente &#8230; <a title=\"Seminario 1\" class=\"read-more\" href=\"http:\/\/grade.org.pe\/proactt\/seminario-1\/\">Read more <span class=\"screen-reader-text\">Seminario 1<\/span><\/a><\/p>\n","protected":false},"author":1,"featured_media":0,"parent":0,"menu_order":0,"comment_status":"closed","ping_status":"closed","template":"","meta":{"_acf_changed":false,"footnotes":""},"class_list":["post-26","page","type-page","status-publish"],"acf":[],"_links":{"self":[{"href":"http:\/\/grade.org.pe\/proactt\/wp-json\/wp\/v2\/pages\/26","targetHints":{"allow":["GET"]}}],"collection":[{"href":"http:\/\/grade.org.pe\/proactt\/wp-json\/wp\/v2\/pages"}],"about":[{"href":"http:\/\/grade.org.pe\/proactt\/wp-json\/wp\/v2\/types\/page"}],"author":[{"embeddable":true,"href":"http:\/\/grade.org.pe\/proactt\/wp-json\/wp\/v2\/users\/1"}],"replies":[{"embeddable":true,"href":"http:\/\/grade.org.pe\/proactt\/wp-json\/wp\/v2\/comments?post=26"}],"version-history":[{"count":4,"href":"http:\/\/grade.org.pe\/proactt\/wp-json\/wp\/v2\/pages\/26\/revisions"}],"predecessor-version":[{"id":111,"href":"http:\/\/grade.org.pe\/proactt\/wp-json\/wp\/v2\/pages\/26\/revisions\/111"}],"wp:attachment":[{"href":"http:\/\/grade.org.pe\/proactt\/wp-json\/wp\/v2\/media?parent=26"}],"curies":[{"name":"wp","href":"https:\/\/api.w.org\/{rel}","templated":true}]}}