{"id":2,"date":"2020-01-09T23:41:42","date_gmt":"2020-01-09T23:41:42","guid":{"rendered":"http:\/\/grade.org.pe\/proactt\/?page_id=2"},"modified":"2020-01-10T18:12:08","modified_gmt":"2020-01-10T18:12:08","slug":"inicio","status":"publish","type":"page","link":"http:\/\/grade.org.pe\/proactt\/","title":{"rendered":"INICIO"},"content":{"rendered":"\n<h2 class=\"has-text-align-center wp-block-heading\"> <strong>TRIBUTACI\u00d3N Y TABACO EN EL PER\u00da<\/strong> <\/h2>\n\n\n\n<h3 class=\"has-text-align-center wp-block-heading\"><strong>\u00bfQui\u00e9nes somos?<\/strong><\/h3>\n\n\n\n<p><strong>El proyecto<\/strong><\/p>\n\n\n\n<p>El Grupo de An\u00e1lisis para el Desarrollo (GRADE) con el apoyo de PROACTT, est\u00e1 realizando el proyecto en Per\u00fa \u00abSensibilidad del consumo de Tabaco ante los aumentos de Impuestos en el Per\u00fa: Estimaci\u00f3n de los patrones heterog\u00e9neos por edad, g\u00e9nero y nivel socio-econ\u00f3mico\u00bb.<\/p>\n\n\n\n<p>Esta propuesta busca generar evidencia rigurosa sobre los efectos de los impuestos al consumo de cigarrillos, en base a los recientes ajustes tarifarios. El estudio propone centrarse en la heterogeneidad de los h\u00e1bitos de fumar entre la poblaci\u00f3n peruana, aprovechando el acceso a las bases de datos de la Encuesta Nacional para Estudiantes de Secundaria (ENES, por sus iniciales en espa\u00f1ol) y la Encuesta Nacional de Poblaci\u00f3n sobre el Consumo de Drogas que son administrados por la Comisi\u00f3n Nacional para el Desarrollo y Vida sin Drogas (DEVIDA).<\/p>\n\n\n\n<p><strong>Acerca de PROACTT<\/strong><\/p>\n\n\n\n<p>El Programa de Investigaci\u00f3n, Incidencia y Fortalecimiento de Capacidades sobre Tributaci\u00f3n del Tabaco (PROACTT, por sus siglas en Ingl\u00e9s) ha sido creado por la&nbsp;<a href=\"http:\/\/www.cancer.org\/\">Sociedad Americana de C\u00e1ncer (ACS)<\/a>&nbsp;y el&nbsp;<a href=\"http:\/\/www.cancerresearchuk.org\/\">Instituto de Investigaci\u00f3n del C\u00e1ncer en UK (CRUK)<\/a>&nbsp;y tiene como objetivo mejorar la implementaci\u00f3n de la tributaci\u00f3n del tabaco y las medidas de pol\u00edtica comercial il\u00edcita de acuerdo a los Art\u00edculos 6 y 15 del Convenio Marco de la Organizaci\u00f3n Mundial de la Salud para el Control del Tabaco; generando la evidencia base y desarrollando la capacidad de investigadores, defensores y decisores pol\u00edticos en pa\u00edses de medianos y bajos recursos.  <\/p>\n","protected":false},"excerpt":{"rendered":"<p>TRIBUTACI\u00d3N Y TABACO EN EL PER\u00da \u00bfQui\u00e9nes somos? El proyecto El Grupo de An\u00e1lisis para el Desarrollo (GRADE) con el apoyo de PROACTT, est\u00e1 realizando el proyecto en Per\u00fa \u00abSensibilidad del consumo de Tabaco ante los aumentos de Impuestos en el Per\u00fa: Estimaci\u00f3n de los patrones heterog\u00e9neos por edad, g\u00e9nero y nivel socio-econ\u00f3mico\u00bb. Esta propuesta &#8230; <a title=\"INICIO\" class=\"read-more\" href=\"http:\/\/grade.org.pe\/proactt\/\">Read more <span class=\"screen-reader-text\">INICIO<\/span><\/a><\/p>\n","protected":false},"author":1,"featured_media":0,"parent":0,"menu_order":0,"comment_status":"closed","ping_status":"open","template":"","meta":{"_acf_changed":false,"footnotes":""},"class_list":["post-2","page","type-page","status-publish"],"acf":[],"_links":{"self":[{"href":"http:\/\/grade.org.pe\/proactt\/wp-json\/wp\/v2\/pages\/2","targetHints":{"allow":["GET"]}}],"collection":[{"href":"http:\/\/grade.org.pe\/proactt\/wp-json\/wp\/v2\/pages"}],"about":[{"href":"http:\/\/grade.org.pe\/proactt\/wp-json\/wp\/v2\/types\/page"}],"author":[{"embeddable":true,"href":"http:\/\/grade.org.pe\/proactt\/wp-json\/wp\/v2\/users\/1"}],"replies":[{"embeddable":true,"href":"http:\/\/grade.org.pe\/proactt\/wp-json\/wp\/v2\/comments?post=2"}],"version-history":[{"count":6,"href":"http:\/\/grade.org.pe\/proactt\/wp-json\/wp\/v2\/pages\/2\/revisions"}],"predecessor-version":[{"id":69,"href":"http:\/\/grade.org.pe\/proactt\/wp-json\/wp\/v2\/pages\/2\/revisions\/69"}],"wp:attachment":[{"href":"http:\/\/grade.org.pe\/proactt\/wp-json\/wp\/v2\/media?parent=2"}],"curies":[{"name":"wp","href":"https:\/\/api.w.org\/{rel}","templated":true}]}}